 - 57*t - 39. Let f be x(16). Let q = f + u. What is the tens digit of q?
3
Suppose 2*r + 3*r = -2*x - 16, 2 = -5*x - 3*r. Suppose -4*c + 480 = y, -c + y - 117 = -x*c. What is the units digit of c?
1
Suppose i + 2*g - 31 = 0, -3*g = 6*i - i - 176. Let c = 26 + i. What is the units digit of c/18*(-4)/(-6)*81?
9
Let y(x) = 12*x + 4. Let v be y(5). Suppose -s - 61 = 5*t, -s - 4*t = -0*t + v. Let i = s - -100. What is the units digit of i?
4
Let k(o) = o + 39. Let v = 28 - 8. Let z be k(v). Suppose 0 = -5*a + 36 + z. What is the units digit of a?
9
Suppose 4*q - 3*y - 62322 = 0, -5*y = -900 + 910. What is the units digit of q?
9
Suppose -4*v - 19946 = -2*t, 261*t + 9963 = 262*t + 3*v. What is the tens digit of t?
6
Let x(k) = -k**2 - k - 102. Let z(b) = 50. Let d(n) = 2*x(n) + 5*z(n). Let q be d(8). Let g = q + 171. What is the tens digit of g?
7
Let r = 61 - 57. Let d be 207/54 + 1/6. Suppose -2*j + d*i + 122 = 0, 0 = -4*j + r*i + 263 - 31. What is the tens digit of j?
5
Let s = -43428 - -80185. What is the ten thousands digit of s?
3
Let j(u) = -u**2 + 4*u - 6. Let q be j(3). Let h be (q - (-14)/4)*2. What is the tens digit of 621/18 - (h/2 + 1)?
3
What is the thousands digit of 17241/(1/((-12)/92) + 8)?
1
Let w(v) = -v - 1. Let j be w(-7). Let k = -6 + j. Suppose k = -4*b + 7*b - 324. What is the hundreds digit of b?
1
Let u(z) = 5*z**3 + 5*z**2 + 2*z + 1. Let c be (9/3)/(1 - 2). Let w be u(c). What is the tens digit of 4/2*(-5)/10*w?
9
Let l = 1577 - 2505. Let m be 4/(4 + (l/(-30))/(-8)). Let y = 84 - m. What is the tens digit of y?
5
Suppose 0 = -11*c + 10*c - 9. Let b be c/(-3)*(6 - 1). Let f = 90 - b. What is the units digit of f?
5
Let y = 15473 - -14715. What is the units digit of y?
8
Let g = 38 + -255. Let y = 241 + g. What is the units digit of y?
4
Let n(a) = -a**3 - 18*a**2 - 44*a + 18. Let s be n(-15). Suppose 0 = s*p + 4*v - 1982, 0 = 3*p - p - 5*v - 1283. What is the units digit of p?
4
Suppose 5*p + 34 - 114 = 0. Let u = 18492 + -18492. Suppose u = p*c - 3*c - 2639. What is the tens digit of c?
0
Suppose v + q - 1486 = 0, 4*q - 2192 = -2*v + 774. What is the thousands digit of v?
1
Let d(t) be the third derivative of 27*t**4/8 - 23*t**3/6 - 2*t**2 - 22. What is the hundreds digit of d(4)?
3
Suppose -2*y + 0*z - 5*z + 6657 = 0, -3*z = y - 3329. What is the hundreds digit of y?
3
Let o(a) = 157*a + 78*a - 33 - 425*a. What is the hundreds digit of o(-5)?
9
Let k = 89 - 79. Suppose -k*d = -h - 9*d + 15, 5*h - 4*d - 72 = 0. Suppose 0 = 2*v + o - h - 39, -3*o = 15. What is the tens digit of v?
2
Let l = -55 - -55. Suppose 77*x - 79*x + 128 = l. Let c = x - 46. What is the units digit of c?
8
Let v = -5610 - -11670. What is the units digit of v?
0
Suppose 0 = 5*t - 4*t - 4. Suppose 0 = t*p - 3074 + 162. What is the units digit of p?
8
Suppose 5*r - 17376 = 2*p, 439*r - 5*p = 436*r + 10437. What is the hundreds digit of r?
4
Let q = 646 + 7147. What is the hundreds digit of q?
7
Let v(g) = -36*g**3 + 34*g**3 - 2 + 11*g - 3 + 4. What is the units digit of v(-5)?
4
Suppose b = -3, -4*x + 12 = -0*x + 4*b. What is the hundreds digit of (5 - 32/x)*6 - -489?
4
What is the units digit of 2/22 + (-1748)/(-44)*26?
3
Let s(m) = -m**2 - 26*m - 99. Let b be s(-21). Let v(q) = 138*q + 214. What is the thousands digit of v(b)?
1
Suppose -a = 3*o + 6, -3*a - 5*o - 1 = 5. Let d(u) = 4511*u - 3. Let p be d(a). What is the hundreds digit of p/121 - 4/(-22)?
1
Let v be 0/(-20)*(9/(-6) + 1). What is the tens digit of v + (-5 - 59)*-6?
8
Suppose -20*q + 6226 = 2*q. Suppose -13*f + 3721 = -q. What is the tens digit of f?
0
Suppose -40 - 20 = -15*p. Suppose 3*f = p*o + 17, 0*o = 2*f + 4*o + 22. What is the units digit of -2*-1*f/(1/(-1))?
2
Suppose -7 = 3*u + 4*u. Let d(r) be the third derivative of 19*r**5/12 + r**4/6 + 5*r**3/6 - 3*r**2. What is the tens digit of d(u)?
9
Suppose 167*p = 385*p - 4336674. What is the hundreds digit of p?
8
Suppose -14*i - 4694 = -179246. What is the hundreds digit of i?
4
Suppose 2 = 2*i - 0*i + 2*y, -5*i + y + 29 = 0. Suppose i*r + r = 1812. What is the tens digit of r?
0
Let x = 135246 - 96164. What is the units digit of x?
2
Let f = 4740 + 9157. What is the tens digit of f?
9
Suppose 6*j = 17*j + 1419. Let y = 123 + j. Let s(l) = -2*l**3 - 10*l**2 - 9*l + 6. What is the hundreds digit of s(y)?
1
Suppose 79*m + 18 = 82*m. Suppose -8*w = -m*w - 2*y - 752, 0 = -5*w - y + 1898. What is the units digit of w?
9
Suppose 41*q + 486420 = 71*q. What is the units digit of q?
4
Let b be 4*(-4)/(-8) + 563. Suppose -24*x + 3371 = -b. What is the tens digit of x?
6
Suppose -k - 16 = -4*b, 5*k + 3*b = -0*b + 35. Suppose 7*f = -4*q + k*f + 1687, -3*q - 3*f = -1263. What is the units digit of q?
4
Suppose 0 = -43*b + 39*b + 72. Suppose 22*i - 228 = b*i. What is the units digit of i?
7
Let m(k) = -1 - 27*k**2 + 57*k**2 - 16*k - 31*k**2. Let o be -18*(1/6)/((-4)/(-16)). What is the units digit of m(o)?
7
Suppose 3401*a - 3416*a = -33630. What is the units digit of a?
2
What is the tens digit of (87/(-8)*548/411)/((-2)/1724)?
9
What is the units digit of 3 + ((-8)/4 - -5) - 2?
4
Let g = -5681 - -11452. What is the thousands digit of g?
5
Let o be 10/4 + (-1)/(-2) - 1. Suppose 0 = -8*g + 6*g + o. What is the tens digit of (-1)/((g/2)/((-755)/10))?
5
Suppose 20 + 8 = -4*o. Let y(u) = -u**2 - 5*u + 4. Let z be y(o). What is the units digit of (-6)/z - (-264)/60?
5
Let z(x) = x**2 - 2*x - 2. Let c be z(-2). Let s(g) = 272*g - 168. Let y(o) = -13*o + 8. Let j(a) = -3*s(a) - 64*y(a). What is the units digit of j(c)?
8
Let m be -1 + 1 - -11 - (9 - 7). Let c(k) = 35*k + 7. Let v be c(m). Let r = v + -194. What is the units digit of r?
8
Suppose 16 = -0*j + j. Suppose -j*l + 1883 + 3957 = 0. What is the units digit of l?
5
Let u(s) = s**3 - 4*s**2 + 10*s + 27. Let t be u(10). Suppose t = 4*i - 729. What is the tens digit of i?
6
Let m = 5649 + -3111. Let u = -1191 + m. What is the hundreds digit of u?
3
Suppose 5*p + 40193 = y, -104529 - 16110 = -3*y + 5*p. What is the tens digit of y?
2
Let j be (-3)/(-2)*(-30)/(-15). Suppose j*a = -b + 4*b + 6, -a + 2*b = 0. Suppose h + 78 = -2*l + 356, 556 = a*l - 2*h. What is the tens digit of l?
3
Let f(g) = -3*g**3 + 114*g**2 - 21*g - 29. What is the ten thousands digit of f(28)?
2
Let o be (22/(-8))/(2/(-24)). Suppose 36*h - 2895 = o*h. What is the tens digit of h?
6
Let h = -83 + 86. Suppose -h*i - 26 = 7. Let w(k) = k**3 + 10*k**2 - 20*k - 9. What is the units digit of w(i)?
0
Suppose -z + 42 = -2*s - 0*z, -34 = 2*s + 3*z. Let u be s/8*12/15. What is the hundreds digit of 4584/36 - u/3?
1
Suppose -4*g - 121 + 141 = 0, a = 4*g + 2937. What is the units digit of a?
7
Let v(a) = 2*a**2 + 45*a + 94. Let s be v(-28). What is the tens digit of ((-8)/((-32)/(-20)))/((-3)/s)?
7
Let y(t) = -2*t**2 + 4*t + 3. Let s be y(2). Suppose -b = -s*b + 4, 520 = 2*f + 5*b. What is the tens digit of f?
5
Suppose -3*f = -6*z + 5*z - 33, 3*z + 86 = -4*f. Let u = z - -30. Suppose -12*x + 10*x + 4 = u. What is the units digit of x?
2
Let l(y) = -y**3 - 46*y**2 - 55*y + 2. Let u be l(-45). Let f = u + -230. What is the hundreds digit of f?
2
What is the hundreds digit of (-71)/((-1988)/1149040) + 2*4/(-7)?
0
Let u(t) = -t**3 + 4*t**2 - t + 3. Let f be u(4). Let h be 20/(-5) + 2 - 7*f. Suppose -h*i - m = -72, -20 - 6 = -2*i + m. What is the units digit of i?
4
Let z(y) = -y**3 - 22*y**2 - 114*y - 19. What is the hundreds digit of z(-26)?
6
Let d(a) = 523*a - 376. What is the tens digit of d(23)?
5
Let r be (1 + -6)*(-516)/(-10). Let k(h) = -2*h**2 - 50*h + 88. Let v be k(-27). What is the units digit of r/(-5) - (-12)/v?
1
Let a = 123 - 121. Suppose -4*q - a*n - n = -1174, -3*n = q - 289. What is the tens digit of q?
9
Let i = -49772 + 120496. What is the hundreds digit of i?
7
Suppose 5*h = 3*f + 3*h - 6436, -8587 = -4*f - 3*h. Let p = f + -1139. What is the thousands digit of p?
1
What is the units digit of (-419650)/(126/(-9)) - (-7 + 5)?
7
Suppose -4*i + 112 = n, 0*n + 5*n - 3*i = 537. Let l = -100 + n. Suppose z - 3*z = -l. What is the units digit of z?
4
Let c = -102 - -315. Suppose d - 125 = l, -3*d + 289 = -4*l - c. Let m = -52 - l. What is the tens digit of m?
7
Suppose 26 - 61 = -5*c. Suppose -4442 + 1516 = -c*g. What is t